{"id":1795,"date":"2025-10-10T07:46:21","date_gmt":"2025-10-10T07:46:21","guid":{"rendered":"https:\/\/makssunmorics.lv\/tornakalns\/?post_type=product&#038;p=1795"},"modified":"2026-03-17T09:22:10","modified_gmt":"2026-03-17T09:22:10","slug":"ropazu-ielas-komplekts","status":"publish","type":"product","link":"https:\/\/makssunmorics.lv\/tornakalns\/product\/ropazu-ielas-komplekts\/","title":{"rendered":"Ropa\u017eu ielas komplekts (40 cm)"},"content":{"rendered":"<pre>\u0100z\u012b\u0161a (40cm) + Morica (40cm) + Ve\u0123et\u0101r\u0101 (40cm) + Hawaii (40cm) + 3x Coca Cola 1L<\/pre>\n","protected":false},"excerpt":{"rendered":"<p>\u0100z\u012b\u0161a (40cm) + Morica (40cm) + Ve\u0123et\u0101r\u0101 (40cm) + Hawaii (40cm) + 3x Coca Cola 1L<\/p>\n","protected":false},"featured_media":2597,"comment_status":"open","ping_status":"closed","template":"","meta":{"_seopress_robots_primary_cat":"none","_seopress_titles_title":"","_seopress_titles_desc":"","_seopress_robots_index":""},"product_brand":[],"product_cat":[41],"product_tag":[],"class_list":{"0":"post-1795","1":"product","2":"type-product","3":"status-publish","4":"has-post-thumbnail","6":"product_cat-akcijas","8":"first","9":"instock","10":"shipping-taxable","11":"purchasable","12":"product-type-simple"},"_links":{"self":[{"href":"https:\/\/makssunmorics.lv\/tornakalns\/wp-json\/wp\/v2\/product\/1795","targetHints":{"allow":["GET"]}}],"collection":[{"href":"https:\/\/makssunmorics.lv\/tornakalns\/wp-json\/wp\/v2\/product"}],"about":[{"href":"https:\/\/makssunmorics.lv\/tornakalns\/wp-json\/wp\/v2\/types\/product"}],"replies":[{"embeddable":true,"href":"https:\/\/makssunmorics.lv\/tornakalns\/wp-json\/wp\/v2\/comments?post=1795"}],"wp:featuredmedia":[{"embeddable":true,"href":"https:\/\/makssunmorics.lv\/tornakalns\/wp-json\/wp\/v2\/media\/2597"}],"wp:attachment":[{"href":"https:\/\/makssunmorics.lv\/tornakalns\/wp-json\/wp\/v2\/media?parent=1795"}],"wp:term":[{"taxonomy":"product_brand","embeddable":true,"href":"https:\/\/makssunmorics.lv\/tornakalns\/wp-json\/wp\/v2\/product_brand?post=1795"},{"taxonomy":"product_cat","embeddable":true,"href":"https:\/\/makssunmorics.lv\/tornakalns\/wp-json\/wp\/v2\/product_cat?post=1795"},{"taxonomy":"product_tag","embeddable":true,"href":"https:\/\/makssunmorics.lv\/tornakalns\/wp-json\/wp\/v2\/product_tag?post=1795"}],"curies":[{"name":"wp","href":"https:\/\/api.w.org\/{rel}","templated":true}]}}