{"id":762,"date":"2025-09-26T14:42:38","date_gmt":"2025-09-26T14:42:38","guid":{"rendered":"https:\/\/makssunmorics.lv\/teika\/?post_type=product&#038;p=762"},"modified":"2025-11-26T09:50:27","modified_gmt":"2025-11-26T09:50:27","slug":"briedisa-pica","status":"publish","type":"product","link":"https:\/\/makssunmorics.lv\/teika\/product\/briedisa-pica\/","title":{"rendered":"Bried\u012b\u0161a pica"},"content":{"rendered":"<p>Tom\u0101tu m\u0113rce, siers, bekons, s\u012bpols, brie\u017ea salami. P\u0113c cep\u0161anas dz\u0113rve\u0146u zafte un timi\u0101na zari\u0146\u0161.<\/p>\n","protected":false},"excerpt":{"rendered":"<p>Tom\u0101tu m\u0113rce, siers, bekons, s\u012bpols, brie\u017ea salami. P\u0113c cep\u0161anas dz\u0113rve\u0146u zafte un timi\u0101na zari\u0146\u0161.<\/p>\n","protected":false},"featured_media":766,"comment_status":"open","ping_status":"closed","template":"","meta":[],"product_brand":[],"product_cat":[38],"product_tag":[],"class_list":{"0":"post-762","1":"product","2":"type-product","3":"status-publish","4":"has-post-thumbnail","6":"product_cat-picas","8":"first","9":"instock","10":"taxable","11":"shipping-taxable","12":"purchasable","13":"product-type-variable","14":"has-default-attributes"},"_links":{"self":[{"href":"https:\/\/makssunmorics.lv\/teika\/wp-json\/wp\/v2\/product\/762","targetHints":{"allow":["GET"]}}],"collection":[{"href":"https:\/\/makssunmorics.lv\/teika\/wp-json\/wp\/v2\/product"}],"about":[{"href":"https:\/\/makssunmorics.lv\/teika\/wp-json\/wp\/v2\/types\/product"}],"replies":[{"embeddable":true,"href":"https:\/\/makssunmorics.lv\/teika\/wp-json\/wp\/v2\/comments?post=762"}],"wp:featuredmedia":[{"embeddable":true,"href":"https:\/\/makssunmorics.lv\/teika\/wp-json\/wp\/v2\/media\/766"}],"wp:attachment":[{"href":"https:\/\/makssunmorics.lv\/teika\/wp-json\/wp\/v2\/media?parent=762"}],"wp:term":[{"taxonomy":"product_brand","embeddable":true,"href":"https:\/\/makssunmorics.lv\/teika\/wp-json\/wp\/v2\/product_brand?post=762"},{"taxonomy":"product_cat","embeddable":true,"href":"https:\/\/makssunmorics.lv\/teika\/wp-json\/wp\/v2\/product_cat?post=762"},{"taxonomy":"product_tag","embeddable":true,"href":"https:\/\/makssunmorics.lv\/teika\/wp-json\/wp\/v2\/product_tag?post=762"}],"curies":[{"name":"wp","href":"https:\/\/api.w.org\/{rel}","templated":true}]}}